n factor of 36 and q?
9
Let v = 7 - 4. Suppose o = 5 - v. Let g be (240/(-72))/((-10)/12). Calculate the greatest common divisor of g and o.
2
Suppose f - 2*h - 4 = 2, 18 = -3*f - 3*h. Let w be (1/f)/(3/(-132)). Calculate the highest common divisor of 22 and w.
22
Suppose -w - 3*w + 84 = 0. Calculate the highest common factor of 9 and w.
3
Suppose g = -1 - 23. Let r = g - -13. Let f = 24 + r. What is the highest common divisor of 104 and f?
13
Let n(j) = -j**2 - 5*j + 6. Let s be n(-5). Suppose 108 = 4*m - 108. Calculate the greatest common divisor of s and m.
6
Let b(v) = 10*v**2 + 7*v - 12. Let s be b(3). Suppose -3*f - 4*x = x - 17, 2*f = 5*x + 28. Calculate the greatest common factor of s and f.
9
Let j(g) = -g**2 + 34*g - 185. Let t be j(19). What is the highest common factor of t and 25?
25
Let b be (-2334)/(-18) - 15/9. Let w = b - 82. What is the highest common factor of 23 and w?
23
Let g be (-4)/(-13) - (-10179)/1521. What is the highest common divisor of 1015 and g?
7
Let k = -52 + 109. Suppose 5*t - 97 - 93 = 0. Calculate the highest common factor of t and k.
19
Let f(d) = 6*d**2 + d - 7. Let h be f(4). Suppose -3*q + 98 + h = 5*k, -3*k - 2*q + 114 = 0. What is the highest common divisor of k and 60?
20
Let g be 213/(-2)*(-8)/(-12)*-2. Suppose 3*a - g - 842 = 0. What is the highest common divisor of 41 and a?
41
Suppose 25*z - 143 = 82. What is the highest common divisor of 1773 and z?
9
Let q = -53 + 62. Let t be 24/16*42/1. What is the highest common divisor of t and q?
9
Suppose 2*v + 10 = 2. Let w be 2*v/(-8)*-7. Let a(n) = -n**2 - 10*n - 15. Let m be a(w). What is the greatest common divisor of 54 and m?
6
Let b(s) = -5*s + 3. Let y be b(-4). Let r = -5152 - -5221. What is the greatest common divisor of y and r?
23
Suppose -7*y - 20 = -5*y. Let i be 4/y*-5 - -46. Calculate the highest common factor of 72 and i.
24
Let l be (28/6)/((-34)/(-459)). Let x(t) = -2*t - 1. Let h be x(1). Let a = h - -12. What is the highest common divisor of l and a?
9
Suppose -9*v + 5*m - 484 = -13*v, 0 = 4*v - 2*m - 512. Calculate the greatest common divisor of v and 144.
18
Let v be (30/(-4))/3*-66. Suppose -150 = 29*z - 585. Calculate the greatest common factor of z and v.
15
Let v(z) = 152*z**2 + 11*z - 25. Let o be v(3). Suppose 480 - o = -14*q. Let t = 8 - -24. What is the highest common factor of t and q?
32
Let l = -272 - -569. Calculate the greatest common divisor of l and 11.
11
Let l be 202164/340 - 6/10. What is the greatest common factor of l and 54?
54
Suppose t + 1075 = 3*m - t, t + 360 = m. Let u be 18/(-8)*(-20)/15 + -3. Suppose -q - s = -6*q + m, -s + 5 = u. Calculate the greatest common factor of 8 and q.
8
Let t be (39/6)/(-13)*(-1117 + -1). What is the greatest common factor of 13 and t?
13
Suppose 2311 - 2061 = 10*a. Suppose 2*l + 5*k - 10 = -3*l, 0 = 4*k + 12. Calculate the greatest common divisor of a and l.
5
Suppose 45*g - 828 = 42*g. Let d be (-3)/(g/(-91) + 3). What is the highest common divisor of 13 and d?
13
Let m = 118 - 108. Let d = 8 + 12. Calculate the highest common factor of d and m.
10
Let p(x) = -x**2 + 5*x + 3. Let t be p(4). Let n be (-1 - 1)/(t/91). Let k = n - -30. Calculate the highest common divisor of k and 20.
4
Suppose 1931 = 2*c + 1917. What is the highest common divisor of 35 and c?
7
Let u = 45 + -43. Suppose 19 = u*y - 1. What is the greatest common factor of y and 50?
10
Let x(t) be the first derivative of t**4/4 - 20*t**3/3 + 10*t**2 - 13*t - 15. Let b be x(19). Let c = -36 - -66. Calculate the highest common factor of c and b.
6
Suppose 22 = 36*n - 14. What is the highest common divisor of n and 3?
1
Let w be 80*2*(20/(-8) + 4). Calculate the highest common factor of w and 45.
15
Let l be 1146/42 + 2*(-2)/14. Suppose l*y = 28*y - 8. What is the greatest common factor of 4 and y?
4
Let m(q) = 2*q**2 + 8*q + 13. Let n be (-24)/4 + (2 - 0). Let f be m(n). What is the highest common factor of f and 65?
13
Let n be -3 + -6*(-492)/4. Calculate the highest common divisor of n and 15.
15
Let b(k) = 3*k**3 + 3*k**2 + k + 2. Let g be b(-2). Let x = g - -62. Suppose 0*l + 3*l - 5*z = 35, z + 11 = l. Calculate the highest common divisor of l and x.
10
Let h(c) = c**2 - 5*c - 14. Let j = -26 + 20. Let s be h(j). What is the greatest common factor of 13 and s?
13
Let y(w) = -10*w + 5. Let f(o) = o**3 - 7*o**2 + 2*o - 5. Let h be f(7). Suppose -25 + h = 4*q. Let r be y(q). What is the highest common factor of r and 15?
15
Suppose -3*c + 4 = -2. Let i(u) = -246*u + 3695. Let w be i(15). What is the highest common factor of c and w?
1
Suppose -2*i + 4*i = 36. Let n = -111 - -165. Calculate the highest common factor of i and n.
18
Let z(c) = -48*c. Let q be z(-11). Calculate the highest common factor of q and 48.
48
Suppose -30*m - 10*m + 480 = 0. Let z be 6/(-8) - (-1355)/4. Let h = -218 + z. Calculate the highest common factor of m and h.
12
Suppose 0 = -x + 4*f + 20, 0*x + 4*x = -5*f + 38. Let k(a) = -a**3 + 12*a**2 - 2*a + 33. Let m be k(11). What is the highest common divisor of m and x?
12
Let i(w) = -10 + 16 - 16*w - w**3 + 7*w**2 + 8*w + 14. Let t be i(6). Calculate the highest common factor of 72 and t.
8
Suppose 0 = -2*l + 5*d - 2, -5*l - 5*d = -76 + 11. Suppose -5*n + l = -16. What is the highest common factor of n and 35?
5
Let j(b) = 2*b - 26 - 3*b**2 + 47 + 4*b**3 - 23. Let l be j(2). Let k(m) = m**3 + 22. Let w be k(0). Calculate the greatest common divisor of w and l.
22
Suppose 2*y = 5*i - 6 + 1, -2*y + 5 = 5*i. Suppose 4*s - 8 - 28 = y. Suppose -5*p + 31 = -59. What is the highest common factor of p and s?
9
Let x be 1764/(-14)*(-1)/3. Let n be 4632/x + 2 + (-2)/7. What is the greatest common factor of 168 and n?
56
Suppose 95 = 7*k + 39. Calculate the highest common divisor of 72 and k.
8
Suppose 0 = -3*n + 352 + 80. Suppose -n = -x - x. Let j be (-4)/18 + 160/x. What is the highest common factor of 10 and j?
2
Suppose 3*y = 6*y - 5*z - 964, 0 = 5*y + 2*z - 1617. Calculate the greatest common factor of y and 19.
19
Let j(n) = -2*n**3 - 5*n**2 - 2*n + 1. Let u be j(-4). Let i be 4 + (-4)/6 + 832/24. Calculate the greatest common divisor of u and i.
19
Suppose -9 = -5*s + 2*s. Suppose -3*h - h + 122 = s*o, h - 36 = 2*o. What is the highest common divisor of 48 and h?
16
Let y = 808 - 280. Calculate the greatest common divisor of y and 48.
48
Let u = 92 + -84. Let n(h) = 5*h - 8. Let l be n(8). What is the highest common factor of l and u?
8
Let j(o) = -o**2 - 8*o - 7. Let w be j(-5). Suppose -3*y = 3*d, 2*d = -2*d - 3*y + 1. Let b be d*(7 + 1 + -4). What is the greatest common divisor of w and b?
4
Let w be 24/(3*2/4). Let u be 173/(-2) + -2*(-6)/(-24). Let t be (-4)/(-2) - (9 + u). What is the highest common divisor of w and t?
16
Suppose 9*u = 5*u - 20, -4*z + 2405 = -u. Calculate the highest common factor of z and 48.
24
Suppose 0 = 33*n - 26*n - 3255. Calculate the highest common factor of 15 and n.
15
Let j be (-45)/10 + 4 - (-445)/10. Let c = -12 - -16. Calculate the greatest common divisor of c and j.
4
Suppose -z + r + 29 = 0, 4*r + 12 = z - 2. What is the highest common divisor of z and 374?
34
Suppose 4*f - 6 = 2*f. Suppose q + 639 = 4*h, -4*h + q = -f*h - 159. What is the highest common divisor of 20 and h?
20
Suppose 2*c + 22 - 68 = 0. Calculate the greatest common factor of 184 and c.
23
Let x be (-5)/(-4 + -2*38/(-20)). What is the highest common factor of 200 and x?
25
Let g = 20 - 18. Suppose 13 = 3*b - g*b. Suppose -x = -5 - b. Calculate the greatest common factor of 27 and x.
9
Suppose 0 = 4*p + 5*x - 108, 0*x = x - 4. Let r be 62/6 + 4/6. Calculate the highest common factor of r and p.
11
Let q(o) = o**3 - 5*o**2 + 4*o + 2. Let z be q(4). Let j = z - 7. Let p(r) = -2*r. Let t be p(j). What is the greatest common factor of 30 and t?
10
Let f(o) = 15*o + 489. Let g be f(-32). What is the greatest common factor of 207 and g?
9
Let q be (5/(5/6))/1. Suppose -x + q*x - 15 = 0. Let g = 4468 - 4435. Calculate the highest common divisor of g and x.
3
Let t(q) = q**3 + 8*q**2 + 2*q - 20. Let s be t(-6). What is the greatest common divisor of s and 8?
8
Suppose 0 = z - 2*z + 2. Let g = z + 0. Suppose -2*s - 7 = -11. What is the greatest common divisor of s and g?
2
Let p(g) = 31*g**